 + 73*i**2 - 36*i + 38. What is f(-37)?
1
Let j(g) = g + 11. Determine j(-3).
8
Let k(y) = -29*y**2 + y + 1. Calculate k(-1).
-29
Let i(w) = w**3 + 8*w**2 + 2. Determine i(-6).
74
Let k(z) = z**3 - 7*z**2 - z + 10. Give k(7).
3
Let i(r) = -17*r + 572. Determine i(34).
-6
Let s(c) = 84*c - 1013. Calculate s(12).
-5
Let p(j) = -2*j**2 + 21*j - 14. Determine p(10).
-4
Let q(p) = p**2 - 8*p - 8. Determine q(6).
-20
Let g(s) = 34*s. Give g(1).
34
Let x(h) = 33*h + 825. Determine x(-25).
0
Let o(w) = -20*w**2 - w + 2. What is o(1)?
-19
Let a(t) = t**3 + 60*t**2 - 69*t - 494. What is a(-61)?
-6
Let t(i) = -2*i - 6. Give t(-5).
4
Let k(m) = -8*m + 14. Calculate k(8).
-50
Let z(y) = -26*y - 7. Calculate z(-2).
45
Let g(r) = 12*r + 6. Give g(-4).
-42
Let z(g) = -2*g**2 - g - 7. What is z(-3)?
-22
Let h(y) = -2*y**2 - 10*y - 2. Calculate h(-4).
6
Let i(n) = -9*n + 8. Calculate i(6).
-46
Let d(z) = -z**2 - 20*z + 4. Give d(-11).
103
Let s(d) = -d**2 - 10*d - 3. Give s(-5).
22
Let z(v) = -v**3 - 5*v**2 - 2*v + 4. Determine z(-4).
-4
Let p(c) = c**2 + 13*c + 5. What is p(-9)?
-31
Let r(y) = -y**3 - 3*y**2 + 2*y + 2. Determine r(-3).
-4
Let h(t) = -3*t**3 + t**2 - t - 2. Calculate h(2).
-24
Let y(o) = -o**2 + 2*o + 237. What is y(-13)?
42
Let x(u) = 15*u - 2. Calculate x(-2).
-32
Let r(z) = -z**2 + 8*z + 3. Determine r(6).
15
Let c(s) = s**2 - 13*s + 15. Calculate c(12).
3
Let l(p) = 6*p**2 + 303*p - 149. What is l(-51)?
4
Let c(m) = 3*m**3 + m**2 + 12*m - 14. Calculate c(1).
2
Let y(o) = -o**3 - 5*o**2 - 4*o - 6. What is y(-3)?
-12
Let i(m) = -m - 3. What is i(-10)?
7
Let w(l) = l**3 - 2*l**2 + l - 6. What is w(3)?
6
Let o(b) = -65*b + 3. Calculate o(-1).
68
Let u(g) = -g**3 + 33*g**2 + 34*g + 15. Determine u(34).
15
Let u(z) = -11*z + 262. Calculate u(24).
-2
Let f(j) = j**3 + 7*j**2 - 5*j - 7. Give f(-8).
-31
Let o(k) = -k**2 - 21*k + 100. Give o(-24).
28
Let d(r) = r**2 - r + 22. What is d(-9)?
112
Let n(z) = -z**2 - 5*z + 1. Determine n(-4).
5
Let i(z) = z**3 - 9*z**2 - 10. Give i(9).
-10
Let p(j) = -7*j + 106. What is p(15)?
1
Let z(d) = -7*d - 57. Give z(-9).
6
Let d(b) = b**3 - 5*b**2 + 4*b - 6. What is d(4)?
-6
Let t(b) = 24*b - 17. Determine t(8).
175
Let t(w) = -w**2 + 54*w - 200. Determine t(4).
0
Let s(c) = c**3 - 5*c**2 + 5*c + 4. Calculate s(4).
8
Let w(c) = 2*c - 30. What is w(19)?
8
Let w(s) = 3*s + 8. Determine w(-5).
-7
Let p(n) = 2*n - 10. What is p(14)?
18
Let o(r) = 3*r + 11. What is o(-6)?
-7
Let l(q) = -q**3 - 9*q**2 - 17*q - 6. What is l(-6)?
-12
Let y(t) = 2*t**2 + 19*t + 12. Give y(-8).
-12
Let l(g) = -8*g + 145. What is l(14)?
33
Let h(f) = -f**3 - 2*f**2 + 7*f - 2. Give h(-5).
38
Let g(n) = -2*n**2 + n + 2. Calculate g(-3).
-19
Let o(s) = 2*s**3 + 3*s**2 - 4*s + 1. Give o(-3).
-14
Let c(b) = b**3 + 6*b**2 + b. Calculate c(-6).
-6
Let q(c) = -2*c**2 - 8*c + 1. Give q(-5).
-9
Let h(x) = -3*x**2 + 22*x - 12. Give h(8).
-28
Let q(m) = -34*m + 6. Calculate q(3).
-96
Let t(x) = x**3 + 6*x**2 - 5*x + 94. What is t(-8)?
6
Let d(c) = c**3 + 14*c**2 + 12*c - 18. What is d(-13)?
-5
Let w(j) = j**2 - 4*j - 9. Calculate w(7).
12
Let k(l) = -l**2 + 9*l - 6. Give k(6).
12
Let m(q) = -52*q + 161. What is m(3)?
5
Let c(u) = -4*u - 6. What is c(7)?
-34
Let p(i) = -2*i**2 + 2*i - 4. Determine p(1).
-4
Let h(p) = p**3 - 6*p**2 + 9*p - 6. Give h(4).
-2
Let i(l) = 9*l - 5. What is i(3)?
22
Let u(z) = -z**3 + 8*z**2 + 23*z + 1. Calculate u(-2).
-5
Let x(b) = -7*b - 12. What is x(2)?
-26
Let n(o) = -2*o**2 + 7*o - 11. Determine n(3).
-8
Let q(z) = -3*z**3 + 2*z + 1. Give q(-1).
2
Let u(n) = 40*n + 172. What is u(-7)?
-108
Let y(x) = 3*x**2 + 17*x + 3. What is y(-5)?
-7
Let o(j) = 4*j**2 + 177*j + 56. Give o(-44).
12
Let p(c) = -2*c + 5. What is p(-6)?
17
Let v(w) = w - 32. Give v(20).
-12
Let u(i) = -i**3 + 7*i**2 + 4*i - 15. Determine u(6).
45
Let p(r) = 12*r**2 - 1. Determine p(-1).
11
Let m(x) = -x + 95. Calculate m(31).
64
Let c(i) = i**2 - 3*i - 1. Give c(6).
17
Let w(r) = -r**3 - 2*r - 12. What is w(4)?
-84
Let m(i) = -i**3 - 2*i**2 + 82*i - 12. What is m(8)?
4
Let i(v) = 9*v - 107. What is i(11)?
-8
Let w(b) = -b + 30. Determine w(15).
15
Let g(u) = -u**3 + 16*u**2 - 35*u - 44. Calculate g(13).
8
Let u(w) = -14*w + 78. What is u(5)?
8
Let f(r) = 3*r + 121. Give f(0).
121
Let s(t) = t**2 + 21*t + 12. Give s(0).
12
Let d(k) = 2*k - 11. Give d(3).
-5
Let a(m) = 2*m**3 - 11*m**2 - 6*m + 10. Calculate a(6).
10
Let z(t) = 3*t + 5. Determine z(5).
20
Let q(u) = -u**2 + 2*u - 3. Give q(-4).
-27
Let v(x) = -x**3 - 6*x**2 - 2*x + 1. Give v(-4).
-23
Let w(v) = v**3 - 7*v**2 + 3*v + 4. Calculate w(5).
-31
Let x(m) = -2*m**3 - 2*m**2 + 3*m + 4. Give x(-3).
31
Let h(q) = -q**3 + 22*q**2 + 25*q - 18. Give h(23).
28
Let v(b) = -21*b**2 + 2*b - 1. What is v(1)?
-20
Let p(q) = 40*q + 353. Calculate p(-8).
33
Let q(l) = 52*l - 1. What is q(-1)?
-53
Let x(d) = d**3 - 3*d**2 + 2*d - 1. Determine x(3).
5
Let q(z) = -z**3 - 6*z**2 - z + 3. Calculate q(3).
-81
Let j(a) = -a**2 - 15*a - 27. Determine j(-13).
-1
Let v(b) = -6*b + 14. Calculate v(4).
-10
Let j(t) = t - 33. Calculate j(29).
-4
Let n(d) = d**2 - 8*d + 12. What is n(8)?
12
Let m(g) = g**3 - 13*g**2 + 8*g + 38. Give m(12).
-10
Let k(v) = -v**3 + 15*v**2 + 17*v - 16. Give k(16).
0
Let v(g) = g**2 + 11*g - 25. Give v(7).
101
Let p(k) = -k**2 + 3*k + 43. Determine p(-5).
3
Let w(c) = -3*c + 4. What is w(-9)?
31
Let k(i) = i + 15. Give k(7).
22
Let g(q) = 16*q**2 - 2*q - 1. Calculate g(-2).
67
Let k(z) = -z**3 + 5*z**2 + z + 25. Give k(6).
-5
Let x(z) = -67*z - 3. Calculate x(-1).
64
Let j(q) = -4*q**3 - 4*q**2 - 3*q. What is j(-2)?
22
Let k(r) = r**3 + 3*r**2 - r - 4. Determine k(-4).
-16
Let t(o) = -10*o + 207. Calculate t(20).
7
Let k(x) = x**3 + 13*x**2 + 12*x + 16. Determine k(-12).
16
Let o(v) = -v - 9. Determine o(-7).
-2
Let d(p) = -p**2 - 2*p + 4. Calculate d(-4).
-4
Let c(s) = -15*s**3 + 1. Determine c(-1).
16
Let b(q) = q**2 - 21*q + 37. Give b(19).
-1
Let u(g) = -g**2 + 10*g - 23. Calculate u(7).
-2
Let m(g) = -g**3 + 17*g**2 + 5*g + 8. Determine m(17).
93
Let g(y) = -22*y + 406. Calculate g(18).
10
Let y(l) = -l + 14. Calculate y(13).
1
Let g(a) = -a**3 - 5*a**2 - 7*a - 6. What is g(-5)?
29
Let k(u) = -u**3 - 11*u**2 + 6*u + 13. What is k(-11)?
-53
Let t(q) = 16*q**3 - 16*q**2 - 15*q + 1. What is t(-1)?
-16
Let j(u) = -6*u**2 - 3*u. Give j(-3).
-45
Let q(t) = 12*t - 506. Give q(42).
-2
Let k(v) = -v - 11. Determine k(0).
-11
Let o(j) = j**3 + 7*j**2 - 2*j - 7. What is o(-7)?
7
Let s(z) = z**2 - 4*z + 5. Determine s(3).
2
Let k(p) = -p**3 + 4*p**2 - 6*p + 9. Give k(3).
0
Let n(b) = -b**2 - 15*b - 42. What is n(-12)?
-6
Let w(s) = -27*s - 15. What is w(2)?
-69
Let x(z) = -10*z + 8. Determine x(6).
-52
Let g(r) = 16*r + 20. Determine g(-3).
-28
Let o(g) = g**2 + 9*g - 33. Determine o(5).
37
Let z(q) = q**3 - 14*q**2 - 1. Give z(14).
-1
Let m(g) = 7*g - 4. Give m(-3).
-25
Let f(v) = v**2 + 14*v + 3. Determine f(-11).
-30
Let i(f) = f**2 - 7*f + 13. Give i(4).
1
Let u(c) = c**2 + c - 3. What is u(-4)?
9
Let c(r) = -37*r + 26. Calculate c(1).
-11
Let m(p) = -p**3 - 11*p**2 + 17*p + 15. Give m(-12).
-45
Let n(k) = -k**3 + 15*k**2 - 2*k - 10. What is n(15)?
-40
Let c(w) = -4*w**3 + 3*w**2 - 4*w + 3. What is c(2)?
-25
Let y(z) = z - 11. Calculate y(-6).
-17
Let x(f) = 14*f - 11. What is x(5)?
59
Let m(z) = 6*z - 1. Give m(-5).
-31
Let z(q) = 165*q + 818. Calculate z(-5).
-7
Let f(m) = m**3 + 6*m**2 - 7*m - 1. Determine f(-6).
41
Let q(d) = -d**3 + 2*d**2 - 4*d + 5. Calculate q(3).
-16
Let y(w) = -w - 6. Calculate y(-12).
6
Let k(a) = a**3 - 17*a**2 + 15*a + 22. What is k(16)?
6
Let z(l) = -l**3 - 13*l**2 + l + 19. Give z(-13).
6
Let c(u) = -24*u + 90. Determine c(4).
-6
Let d(r) = 3*r**3 - 19*r**2 + r + 6. Calculate d(6).
-24
Let q(d) = -d**2 - 22*d - 35. Give q(-13).
82
Let f(w) = 58*w + 29. What is f(2)?
145
Let b(s) = s**2 - 20*s - 73. Calculate b(23).
-4
Let o(c) = -c**2 - 8*c - 29. Give o(-3).
-14
Let s(n) = 4*n - 16. Calculate s(6).
8
Let x(b) = b + 28. What is x(0)?
28
Let d(h) = -2*h - 68. Calculate d(-17).
-34
Let d(q) = -q**3 - 4*q**2 - 3*q - 8. What is d(-4)?
4
Let k(w) = -8*w**3 + w**2 - 5*w + 7. Give k(2).
-63
Let w(u) = 18*u - 275. Determine w(15).
-5
Let q(o) = 2*o**3 + o**2 + 2*o + 1. What